{"id":18,"date":"2021-02-04T13:17:18","date_gmt":"2021-02-04T12:17:18","guid":{"rendered":"http:\/\/collegevictorlouis.fr\/?page_id=18"},"modified":"2021-02-08T11:17:46","modified_gmt":"2021-02-08T10:17:46","slug":"a-propos-de","status":"publish","type":"page","link":"https:\/\/collegevictorlouis.fr\/?page_id=18","title":{"rendered":"Pr\u00e9sentation"},"content":{"rendered":"\n<p>Le coll\u00e8ge Victor Louis est un coll\u00e8ge d&rsquo;enseignement public situ\u00e9 \u00e0 Talence (33) pr\u00e8s de Bordeaux.<br>Il accueille environ 700 \u00e9l\u00e8ves de la sixi\u00e8me \u00e0 la troisi\u00e8me avec des classes SHN (Sportifs de Haut Niveau) en partenariat avec le CREPS de Talence et la Ligue de Rugby du comit\u00e9 C\u00f4te d&rsquo;Argent, une section ULIS et une classe UPE2A<br><\/p>\n\n\n\n<p>Le coll\u00e8ge f\u00fbt int\u00e9gr\u00e9 pendant pendant de longues ann\u00e9es au lyc\u00e9e Victor-Louis, prestigieux descendant du premier lyc\u00e9e imp\u00e9rial de Talence et abrit\u00e9 dans une ancienne chartreuse du XVIIIe si\u00e8cle.<\/p>\n\n\n\n<p>Celui-ci, alors d\u00e9nomm\u00e9&nbsp;<strong>petit lyc\u00e9e imp\u00e9rial<\/strong>&nbsp;de Talence ouvre ses portes aux Talen\u00e7ais et aux familles des Chartrons en 1860.<\/p>\n\n\n\n<figure class=\"wp-block-gallery columns-3 is-cropped wp-block-gallery-1 is-layout-flex wp-block-gallery-is-layout-flex\"><ul class=\"blocks-gallery-grid\"><li class=\"blocks-gallery-item\"><figure><img loading=\"lazy\" decoding=\"async\" width=\"200\" height=\"138\" src=\"http:\/\/collegevictorlouis.fr\/wp-content\/uploads\/2021\/02\/photo_classe.gif\" alt=\"\" data-id=\"109\" data-link=\"http:\/\/collegevictorlouis.fr\/?attachment_id=109\" class=\"wp-image-109\"\/><figcaption class=\"blocks-gallery-item__caption\">Une photo de classe au petit lyc\u00e9e imp\u00e9rial<\/figcaption><\/figure><\/li><li class=\"blocks-gallery-item\"><figure><img loading=\"lazy\" decoding=\"async\" width=\"200\" height=\"116\" src=\"http:\/\/collegevictorlouis.fr\/wp-content\/uploads\/2021\/02\/refectoire.gif\" alt=\"\" data-id=\"110\" data-link=\"http:\/\/collegevictorlouis.fr\/?attachment_id=110\" class=\"wp-image-110\"\/><figcaption class=\"blocks-gallery-item__caption\">Le r\u00e9fectoire du petit lyc\u00e9e imp\u00e9rial<\/figcaption><\/figure><\/li><li class=\"blocks-gallery-item\"><figure><img loading=\"lazy\" decoding=\"async\" width=\"200\" height=\"122\" src=\"http:\/\/collegevictorlouis.fr\/wp-content\/uploads\/2021\/02\/guerre-1.gif\" alt=\"\" data-id=\"112\" data-full-url=\"http:\/\/collegevictorlouis.fr\/wp-content\/uploads\/2021\/02\/guerre-1.gif\" data-link=\"http:\/\/collegevictorlouis.fr\/?attachment_id=112\" class=\"wp-image-112\"\/><figcaption class=\"blocks-gallery-item__caption\">Le petit lyc\u00e9e imp\u00e9rial devenu h\u00f4pital militaire<\/figcaption><\/figure><\/li><\/ul><\/figure>\n\n\n\n<p>L&rsquo;\u00e9tablissement est r\u00e9quisitionn\u00e9 le 23 ao\u00fbt 1914 comme h\u00f4pital militaire compl\u00e9mentaire puis de 1917 \u00e0 1919 comme h\u00f4pital am\u00e9ricain avant de redevenir un \u00e9tablissement scolaire.<\/p>\n\n\n\n<p>Finalement un nouveau b\u00e2timent moderne de forme arrondie est construit en 1994 sur l&rsquo;arri\u00e8re du lyc\u00e9e., le coll\u00e8ge Victor Louis \u00e9tait n\u00e9, ne gardant de son ain\u00e9 que l&rsquo;ancienne chapelle reconverti en auditorium.<\/p>\n\n\n\n<figure class=\"wp-block-image size-large is-resized\"><img loading=\"lazy\" decoding=\"async\" src=\"http:\/\/collegevictorlouis.fr\/wp-content\/uploads\/2021\/02\/facade.gif\" alt=\"\" class=\"wp-image-111\" width=\"375\" height=\"281\"\/><figcaption>Fa\u00e7ade du nouveau coll\u00e8ge<\/figcaption><\/figure>\n\n\n\n<p>Les noms du coll\u00e8ge et du lyc\u00e9e rendent hommage \u00e0 <strong>Victor (Nicolas Victoire) Louis<\/strong> (1731-1800) l\u2019architecte du Grand Th\u00e9\u00e2tre de Bordeaux.<\/p>\n\n\n\n<p>Malgr\u00e9 un temps d&rsquo;activit\u00e9 assez court \u00e0 Bordeaux, l&rsquo;architecte Victor Louis est l&rsquo;un de ceux qui ont le plus marqu\u00e9 la ville. Il arriva \u00e0 Bordeaux en 1773 et quitta cette ville d\u00e8s 1780. Son oeuvre la plus importante \u00e0 Bordeaux est incontestablement le Grand-Th\u00e9\u00e2tre (inaugur\u00e9 le 7 avril 1780).<\/p>\n\n\n\n<p>Avec Victor Louis le classicisme s&rsquo;installa v\u00e9ritablement \u00e0 Bordeaux. On reconna\u00eet son influence dans la plupart des immeubles au voisinage du th\u00e9\u00e2tre, comme l&rsquo;Il\u00f4t Louis, le Grand H\u00f4tel de Bordeaux et la Maison Gobineau, \u00e0 la surface triangulaire caract\u00e9ristique (ex\u00e9cut\u00e9e par l&rsquo;architecte Durand).<\/p>\n\n\n\n<p>D&rsquo;origine parisienne, Victor Louis fut amen\u00e9 \u00e0 Bordeaux par le mar\u00e9chal de Richelieu (petit-neveu du cardinal) pour diriger la construction du th\u00e9\u00e2tre. Louis avait ant\u00e9rieurement effectu\u00e9 la r\u00e9novation de l&rsquo;h\u00f4tel particulier de Richelieu \u00e0 Paris, rue Neuve Saint-Augustin.<\/p>\n\n\n\n<figure class=\"wp-block-image size-large is-resized\"><img loading=\"lazy\" decoding=\"async\" src=\"https:\/\/upload.wikimedia.org\/wikipedia\/commons\/thumb\/b\/bb\/Victor_Louis_portrait_engraving_-_Marionneau_1881_-_Google_Books.jpg\/1024px-Victor_Louis_portrait_engraving_-_Marionneau_1881_-_Google_Books.jpg\" alt=\"\" width=\"323\" height=\"379\"\/><figcaption>L&rsquo;architecte Victor Louis<\/figcaption><\/figure>\n\n\n\n<p><em>Source: <\/em><a href=\"https:\/\/fr.wikipedia.org\/wiki\/Victor_Louis\" target=\"_blank\" rel=\"noreferrer noopener\">https:\/\/fr.wikipedia.org\/wiki\/Victor_Louis<\/a><\/p>\n","protected":false},"excerpt":{"rendered":"<p>Le coll\u00e8ge Victor Louis est un coll\u00e8ge d&rsquo;enseignement public situ\u00e9 \u00e0 Talence (33) pr\u00e8s de Bordeaux.Il accueille environ 700 \u00e9l\u00e8ves de la sixi\u00e8me \u00e0 la troisi\u00e8me avec des classes SHN (Sportifs de Haut Niveau) en partenariat avec le CREPS de Talence et la Ligue de Rugby du comit\u00e9 C\u00f4te d&rsquo;Argent, une section ULIS et une &hellip; <\/p>\n<p class=\"link-more\"><a href=\"https:\/\/collegevictorlouis.fr\/?page_id=18\" class=\"more-link\">Continuer la lecture<span class=\"screen-reader-text\"> de &laquo;&nbsp;Pr\u00e9sentation&nbsp;&raquo;<\/span><\/a><\/p>\n","protected":false},"author":1,"featured_media":0,"parent":0,"menu_order":0,"comment_status":"closed","ping_status":"closed","template":"","meta":{"footnotes":""},"class_list":["post-18","page","type-page","status-publish","hentry"],"_links":{"self":[{"href":"https:\/\/collegevictorlouis.fr\/index.php?rest_route=\/wp\/v2\/pages\/18","targetHints":{"allow":["GET"]}}],"collection":[{"href":"https:\/\/collegevictorlouis.fr\/index.php?rest_route=\/wp\/v2\/pages"}],"about":[{"href":"https:\/\/collegevictorlouis.fr\/index.php?rest_route=\/wp\/v2\/types\/page"}],"author":[{"embeddable":true,"href":"https:\/\/collegevictorlouis.fr\/index.php?rest_route=\/wp\/v2\/users\/1"}],"replies":[{"embeddable":true,"href":"https:\/\/collegevictorlouis.fr\/index.php?rest_route=%2Fwp%2Fv2%2Fcomments&post=18"}],"version-history":[{"count":6,"href":"https:\/\/collegevictorlouis.fr\/index.php?rest_route=\/wp\/v2\/pages\/18\/revisions"}],"predecessor-version":[{"id":117,"href":"https:\/\/collegevictorlouis.fr\/index.php?rest_route=\/wp\/v2\/pages\/18\/revisions\/117"}],"wp:attachment":[{"href":"https:\/\/collegevictorlouis.fr\/index.php?rest_route=%2Fwp%2Fv2%2Fmedia&parent=18"}],"curies":[{"name":"wp","href":"https:\/\/api.w.org\/{rel}","templated":true}]}}